{"id":9,"date":"2022-07-28T09:18:40","date_gmt":"2022-07-28T12:18:40","guid":{"rendered":"https:\/\/femasantarosa.edu.br\/revista\/?page_id=9"},"modified":"2022-08-18T17:03:18","modified_gmt":"2022-08-18T20:03:18","slug":"home","status":"publish","type":"page","link":"https:\/\/femasantarosa.edu.br\/revista\/index.php\/home\/","title":{"rendered":"SUM\u00c1RIO"},"content":{"rendered":"\n<p><\/p>\n\n\n\n<div class=\"wp-container-3 wp-block-columns\">\n<div class=\"wp-container-1 wp-block-column\" style=\"flex-basis:66.66%\">\n<p style=\"font-size:14px\"><strong>APRESENTA\u00c7\u00c3O<\/strong><\/p>\n<\/div>\n\n\n\n<div class=\"wp-container-2 wp-block-column\" style=\"flex-basis:33.33%\">\n<p class=\"has-text-align-right has-small-font-size\"><strong>04<\/strong><\/p>\n<\/div>\n<\/div>\n\n\n\n<div class=\"wp-container-6 wp-block-columns\">\n<div class=\"wp-container-4 wp-block-column\" style=\"flex-basis:66.66%\">\n<p style=\"font-size:14px\"><strong>O IMPACTO DO PASSIVO ATUARIAL NO MUNIC\u00cdPIO DE SANTA ROSA RS<\/strong> <\/p>\n\n\n\n<p style=\"font-size:14px\">Elisa Teresinha Becker<br>Adelino Pedro Wisniewski <\/p>\n<\/div>\n\n\n\n<div class=\"wp-container-5 wp-block-column\" style=\"flex-basis:33.33%\">\n<p class=\"has-text-align-right has-small-font-size\"><strong>05<\/strong><\/p>\n<\/div>\n<\/div>\n\n\n\n<div class=\"wp-container-9 wp-block-columns\">\n<div class=\"wp-container-7 wp-block-column\" style=\"flex-basis:66.66%\">\n<p style=\"font-size:14px\"><strong>A CONTABILIDADE RURAL COMO FERRAMENTA DE GEST\u00c3O EM UMA PROPRIEDADE RURAL<\/strong> <\/p>\n\n\n\n<p style=\"font-size:14px\">Keli Carine Nether<br>Lucas Canal<br>Lauri Alo\u00edsio Heckler <\/p>\n<\/div>\n\n\n\n<div class=\"wp-container-8 wp-block-column\" style=\"flex-basis:33.33%\">\n<p class=\"has-text-align-right has-small-font-size\"><strong>34<\/strong><\/p>\n<\/div>\n<\/div>\n\n\n\n<div class=\"wp-container-12 wp-block-columns\">\n<div class=\"wp-container-10 wp-block-column\" style=\"flex-basis:66.66%\">\n<p style=\"font-size:14px\"><strong>ESTUDO DE CASO: REGULARIZA\u00c7\u00c3O DA TRIBUTA\u00c7\u00c3O SOBRE AS RECEITAS AUFERIDAS NA PRESTA\u00c7\u00c3O DE SERVI\u00c7O DE COLHEITA DE MILHO, SOJA E TRIGO EM UMA PESSOA F\u00cdSICA<\/strong><\/p>\n\n\n\n<p style=\"font-size:14px\">Luciani Maria Britzke Freitas<br>Raqueli Ines Weschenfelder<br>Adelino Pedro Wisniewski<\/p>\n<\/div>\n\n\n\n<div class=\"wp-container-11 wp-block-column\" style=\"flex-basis:33.33%\">\n<p class=\"has-text-align-right has-small-font-size\"><strong>66<\/strong><\/p>\n<\/div>\n<\/div>\n\n\n\n<div class=\"wp-container-15 wp-block-columns\">\n<div class=\"wp-container-13 wp-block-column\" style=\"flex-basis:66.66%\">\n<p style=\"font-size:14px\"><strong>AN\u00c1LISE DE CR\u00c9DITO: ESTUDO DE CASO EM UMA COOPERATIVA DE GR\u00c3OS DE GRANDE PORTE SEDIADA NA REGI\u00c3O NOROESTE DO ESTADO DO RIO GRANDE DO SUL <\/strong><\/p>\n\n\n\n<p style=\"font-size:14px\">Joici La\u00eds Gasparetto<br>Jo\u00e3o Gabriel Friedrich<br>Luigi Antonio Farias Lazzaretti<\/p>\n<\/div>\n\n\n\n<div class=\"wp-container-14 wp-block-column\" style=\"flex-basis:33.33%\">\n<p class=\"has-text-align-right has-small-font-size\"><strong>96<\/strong><\/p>\n<\/div>\n<\/div>\n\n\n\n<div class=\"wp-container-18 wp-block-columns\">\n<div class=\"wp-container-16 wp-block-column\" style=\"flex-basis:66.66%\">\n<p style=\"font-size:14px\"><strong>ESTILOS DE LIDERAN\u00c7A E O REFLEXO NAS EQUIPES DE VENDAS<\/strong><\/p>\n\n\n\n<p style=\"font-size:14px\">Jardel Luiz Pinto<br>Janice Walter<\/p>\n<\/div>\n\n\n\n<div class=\"wp-container-17 wp-block-column\" style=\"flex-basis:33.33%\">\n<p class=\"has-text-align-right has-small-font-size\"><strong>130<\/strong><\/p>\n<\/div>\n<\/div>\n\n\n\n<div class=\"wp-container-21 wp-block-columns\">\n<div class=\"wp-container-19 wp-block-column\" style=\"flex-basis:66.66%\">\n<p style=\"font-size:14px\"><strong>AUDITORIA E MANUTEN\u00c7\u00c3O DE ESTOQUE DE ITENS SELECIONADOS EM EMPRESA DO RAMO ATACADISTA<\/strong> Anderson Felipe Rambo<br>\u00c9verton Lucas Diel<br>Diego Leonardo Wietholter<\/p>\n<\/div>\n\n\n\n<div class=\"wp-container-20 wp-block-column\" style=\"flex-basis:33.33%\">\n<p class=\"has-text-align-right has-small-font-size\"><strong>162<\/strong><\/p>\n<\/div>\n<\/div>\n\n\n\n<div class=\"wp-container-24 wp-block-columns\">\n<div class=\"wp-container-22 wp-block-column\" style=\"flex-basis:66.66%\">\n<p style=\"font-size:14px\"><strong>A IMPORT\u00c2NCIA DO MICROCR\u00c9DITO DISPONIBILIZADO PELO PROGRAMA DESENVOLVER PARA OS MEIS E MICROEMPRESAS DO MUNIC\u00cdPIO DE SANTA ROSA-RS <\/strong> <\/p>\n\n\n\n<p style=\"font-size:14px\">Ismael Eduardo Wildner<br>Jo\u00e3o Augusto Rigo<br>Diego Leonardo Wietholter<\/p>\n<\/div>\n\n\n\n<div class=\"wp-container-23 wp-block-column\" style=\"flex-basis:33.33%\">\n<p class=\"has-text-align-right has-small-font-size\"><strong>189<\/strong><\/p>\n<\/div>\n<\/div>\n","protected":false},"excerpt":{"rendered":"<p>APRESENTA\u00c7\u00c3O 04 O IMPACTO DO PASSIVO ATUARIAL NO MUNIC\u00cdPIO DE SANTA ROSA RS Elisa Teresinha BeckerAdelino Pedro Wisniewski 05 A CONTABILIDADE RURAL COMO FERRAMENTA DE GEST\u00c3O EM UMA PROPRIEDADE RURAL Keli Carine NetherLucas CanalLauri Alo\u00edsio Heckler 34 ESTUDO DE CASO: REGULARIZA\u00c7\u00c3O DA TRIBUTA\u00c7\u00c3O SOBRE AS RECEITAS AUFERIDAS NA PRESTA\u00c7\u00c3O DE SERVI\u00c7O DE COLHEITA DE MILHO, [&hellip;]<\/p>\n","protected":false},"author":1,"featured_media":0,"parent":0,"menu_order":0,"comment_status":"closed","ping_status":"closed","template":"general-template.php","meta":[],"_links":{"self":[{"href":"https:\/\/femasantarosa.edu.br\/revista\/index.php\/wp-json\/wp\/v2\/pages\/9"}],"collection":[{"href":"https:\/\/femasantarosa.edu.br\/revista\/index.php\/wp-json\/wp\/v2\/pages"}],"about":[{"href":"https:\/\/femasantarosa.edu.br\/revista\/index.php\/wp-json\/wp\/v2\/types\/page"}],"author":[{"embeddable":true,"href":"https:\/\/femasantarosa.edu.br\/revista\/index.php\/wp-json\/wp\/v2\/users\/1"}],"replies":[{"embeddable":true,"href":"https:\/\/femasantarosa.edu.br\/revista\/index.php\/wp-json\/wp\/v2\/comments?post=9"}],"version-history":[{"count":50,"href":"https:\/\/femasantarosa.edu.br\/revista\/index.php\/wp-json\/wp\/v2\/pages\/9\/revisions"}],"predecessor-version":[{"id":179,"href":"https:\/\/femasantarosa.edu.br\/revista\/index.php\/wp-json\/wp\/v2\/pages\/9\/revisions\/179"}],"wp:attachment":[{"href":"https:\/\/femasantarosa.edu.br\/revista\/index.php\/wp-json\/wp\/v2\/media?parent=9"}],"curies":[{"name":"wp","href":"https:\/\/api.w.org\/{rel}","templated":true}]}}

SUMÁRIO

<p></p>



<div class="wp-container-3 wp-block-columns">
<div class="wp-container-1 wp-block-column" style="flex-basis:66.66%">
<p style="font-size:14px"><strong>APRESENTAÇÃO</strong></p>
</div>



<div class="wp-container-2 wp-block-column" style="flex-basis:33.33%">
<p class="has-text-align-right has-small-font-size"><strong>04</strong></p>
</div>
</div>



<div class="wp-container-6 wp-block-columns">
<div class="wp-container-4 wp-block-column" style="flex-basis:66.66%">
<p style="font-size:14px"><strong>O IMPACTO DO PASSIVO ATUARIAL NO MUNICÍPIO DE SANTA ROSA RS</strong> </p>



<p style="font-size:14px">Elisa Teresinha Becker<br>Adelino Pedro Wisniewski </p>
</div>



<div class="wp-container-5 wp-block-column" style="flex-basis:33.33%">
<p class="has-text-align-right has-small-font-size"><strong>05</strong></p>
</div>
</div>



<div class="wp-container-9 wp-block-columns">
<div class="wp-container-7 wp-block-column" style="flex-basis:66.66%">
<p style="font-size:14px"><strong>A CONTABILIDADE RURAL COMO FERRAMENTA DE GESTÃO EM UMA PROPRIEDADE RURAL</strong> </p>



<p style="font-size:14px">Keli Carine Nether<br>Lucas Canal<br>Lauri Aloísio Heckler </p>
</div>



<div class="wp-container-8 wp-block-column" style="flex-basis:33.33%">
<p class="has-text-align-right has-small-font-size"><strong>34</strong></p>
</div>
</div>



<div class="wp-container-12 wp-block-columns">
<div class="wp-container-10 wp-block-column" style="flex-basis:66.66%">
<p style="font-size:14px"><strong>ESTUDO DE CASO: REGULARIZAÇÃO DA TRIBUTAÇÃO SOBRE AS RECEITAS AUFERIDAS NA PRESTAÇÃO DE SERVIÇO DE COLHEITA DE MILHO, SOJA E TRIGO EM UMA PESSOA FÍSICA</strong></p>



<p style="font-size:14px">Luciani Maria Britzke Freitas<br>Raqueli Ines Weschenfelder<br>Adelino Pedro Wisniewski</p>
</div>



<div class="wp-container-11 wp-block-column" style="flex-basis:33.33%">
<p class="has-text-align-right has-small-font-size"><strong>66</strong></p>
</div>
</div>



<div class="wp-container-15 wp-block-columns">
<div class="wp-container-13 wp-block-column" style="flex-basis:66.66%">
<p style="font-size:14px"><strong>ANÁLISE DE CRÉDITO: ESTUDO DE CASO EM UMA COOPERATIVA DE GRÃOS DE GRANDE PORTE SEDIADA NA REGIÃO NOROESTE DO ESTADO DO RIO GRANDE DO SUL </strong></p>



<p style="font-size:14px">Joici Laís Gasparetto<br>João Gabriel Friedrich<br>Luigi Antonio Farias Lazzaretti</p>
</div>



<div class="wp-container-14 wp-block-column" style="flex-basis:33.33%">
<p class="has-text-align-right has-small-font-size"><strong>96</strong></p>
</div>
</div>



<div class="wp-container-18 wp-block-columns">
<div class="wp-container-16 wp-block-column" style="flex-basis:66.66%">
<p style="font-size:14px"><strong>ESTILOS DE LIDERANÇA E O REFLEXO NAS EQUIPES DE VENDAS</strong></p>



<p style="font-size:14px">Jardel Luiz Pinto<br>Janice Walter</p>
</div>



<div class="wp-container-17 wp-block-column" style="flex-basis:33.33%">
<p class="has-text-align-right has-small-font-size"><strong>130</strong></p>
</div>
</div>



<div class="wp-container-21 wp-block-columns">
<div class="wp-container-19 wp-block-column" style="flex-basis:66.66%">
<p style="font-size:14px"><strong>AUDITORIA E MANUTENÇÃO DE ESTOQUE DE ITENS SELECIONADOS EM EMPRESA DO RAMO ATACADISTA</strong> Anderson Felipe Rambo<br>Éverton Lucas Diel<br>Diego Leonardo Wietholter</p>
</div>



<div class="wp-container-20 wp-block-column" style="flex-basis:33.33%">
<p class="has-text-align-right has-small-font-size"><strong>162</strong></p>
</div>
</div>



<div class="wp-container-24 wp-block-columns">
<div class="wp-container-22 wp-block-column" style="flex-basis:66.66%">
<p style="font-size:14px"><strong>A IMPORTÂNCIA DO MICROCRÉDITO DISPONIBILIZADO PELO PROGRAMA DESENVOLVER PARA OS MEIS E MICROEMPRESAS DO MUNICÍPIO DE SANTA ROSA-RS </strong> </p>



<p style="font-size:14px">Ismael Eduardo Wildner<br>João Augusto Rigo<br>Diego Leonardo Wietholter</p>
</div>



<div class="wp-container-23 wp-block-column" style="flex-basis:33.33%">
<p class="has-text-align-right has-small-font-size"><strong>189</strong></p>
</div>
</div>

<p>APRESENTAÇÃO 04 O IMPACTO DO PASSIVO ATUARIAL NO MUNICÍPIO DE SANTA ROSA RS Elisa Teresinha BeckerAdelino Pedro Wisniewski 05 A CONTABILIDADE RURAL COMO FERRAMENTA DE GESTÃO EM UMA PROPRIEDADE RURAL Keli Carine NetherLucas CanalLauri Aloísio Heckler 34 ESTUDO DE CASO: REGULARIZAÇÃO DA TRIBUTAÇÃO SOBRE AS RECEITAS AUFERIDAS NA PRESTAÇÃO DE SERVIÇO DE COLHEITA DE MILHO, [&hellip;]</p>
